 is the thousands digit of 3433?
3
What is the hundreds digit of 110?
1
What is the thousands digit of 83255?
3
What is the tens digit of 1294?
9
What is the thousands digit of 73930?
3
What is the tens digit of 406?
0
What is the tens digit of 15110?
1
What is the ten thousands digit of 27506?
2
What is the hundreds digit of 3283?
2
What is the tens digit of 586?
8
What is the thousands digit of 4212?
4
What is the ten thousands digit of 164519?
6
What is the tens digit of 125736?
3
What is the tens digit of 1628?
2
What is the thousands digit of 1114?
1
What is the thousands digit of 1149?
1
What is the hundreds digit of 54957?
9
What is the units digit of 164?
4
What is the tens digit of 48219?
1
What is the hundreds digit of 182?
1
What is the units digit of 67376?
6
What is the units digit of 1934?
4
What is the ten thousands digit of 168664?
6
What is the tens digit of 21260?
6
What is the tens digit of 1079?
7
What is the units digit of 2102?
2
What is the ten thousands digit of 29845?
2
What is the hundreds digit of 86562?
5
What is the units digit of 4412?
2
What is the tens digit of 44864?
6
What is the units digit of 33653?
3
What is the ten thousands digit of 26908?
2
What is the tens digit of 813?
1
What is the thousands digit of 1436?
1
What is the hundreds digit of 2499?
4
What is the tens digit of 54151?
5
What is the hundreds digit of 1031?
0
What is the units digit of 5599?
9
What is the thousands digit of 2438?
2
What is the hundreds digit of 2169?
1
What is the units digit of 8874?
4
What is the tens digit of 6094?
9
What is the hundreds digit of 402?
4
What is the hundreds digit of 314?
3
What is the ten thousands digit of 36382?
3
What is the ten thousands digit of 17594?
1
What is the units digit of 9008?
8
What is the thousands digit of 1647?
1
What is the thousands digit of 8300?
8
What is the thousands digit of 2542?
2
What is the hundreds digit of 4131?
1
What is the tens digit of 20000?
0
What is the thousands digit of 69061?
9
What is the tens digit of 456?
5
What is the tens digit of 193?
9
What is the hundreds digit of 26505?
5
What is the thousands digit of 6750?
6
What is the units digit of 5904?
4
What is the thousands digit of 1236?
1
What is the units digit of 92717?
7
What is the hundreds digit of 29539?
5
What is the units digit of 1997?
7
What is the thousands digit of 41530?
1
What is the units digit of 365?
5
What is the tens digit of 26673?
7
What is the hundreds digit of 21148?
1
What is the tens digit of 42112?
1
What is the hundreds digit of 53756?
7
What is the tens digit of 731?
3
What is the thousands digit of 6459?
6
What is the ten thousands digit of 50270?
5
What is the tens digit of 30591?
9
What is the ten thousands digit of 52789?
5
What is the hundreds digit of 524?
5
What is the units digit of 2179?
9
What is the units digit of 34860?
0
What is the units digit of 5756?
6
What is the units digit of 45801?
1
What is the ten thousands digit of 10974?
1
What is the thousands digit of 15585?
5
What is the thousands digit of 35842?
5
What is the thousands digit of 4537?
4
What is the ten thousands digit of 13630?
1
What is the thousands digit of 3480?
3
What is the thousands digit of 67035?
7
What is the tens digit of 1318?
1
What is the hundreds digit of 3547?
5
What is the tens digit of 2055?
5
What is the thousands digit of 6215?
6
What is the thousands digit of 57563?
7
What is the hundreds digit of 900?
9
What is the thousands digit of 66029?
6
What is the ten thousands digit of 11101?
1
What is the units digit of 9563?
3
What is the hundreds digit of 4128?
1
What is the hundreds digit of 284?
2
What is the hundreds digit of 410?
4
What is the ten thousands digit of 15446?
1
What is the ten thousands digit of 19645?
1
What is the hundreds digit of 151?
1
What is the thousands digit of 29864?
9
What is the units digit of 4895?
5
What is the units digit of 7058?
8
What is the tens digit of 543?
4
What is the hundreds digit of 1452?
4
What is the units digit of 2080?
0
What is the tens digit of 4647?
4
What is the tens digit of 182980?
8
What is the thousands digit of 27389?
7
What is the thousands digit of 10106?
0
What is the hundreds digit of 9268?
2
What is the tens digit of 2407?
0
What is the tens digit of 2351?
5
What is the thousands digit of 2321?
2
What is the tens digit of 630?
3
What is the hundreds digit of 3563?
5
What is the thousands digit of 4139?
4
What is the tens digit of 9012?
1
What is the units digit of 42?
2
What is the tens digit of 74604?
0
What is the thousands digit of 30257?
0
What is the units digit of 4243?
3
What is the thousands digit of 1407?
1
What is the tens digit of 2687?
8
What is the hundreds digit of 27949?
9
What is the thousands digit of 1512?
1
What is the tens digit of 2345?
4
What is the thousands digit of 1807?
1
What is the hundred thousands digit of 115393?
1
What is the units digit of 1413?
3
What is the ten thousands digit of 61877?
6
What is the tens digit of 125?
2
What is the units digit of 3546?
6
What is the units digit of 441?
1
What is the units digit of 597?
7
What is the ten thousands digit of 17469?
1
What is the units digit of 5419?
9
What is the thousands digit of 7815?
7
What is the units digit of 2424?
4
What is the units digit of 1257?
7
What is the thousands digit of 4228?
4
What is the units digit of 34385?
5
What is the units digit of 832?
2
What is the tens digit of 51239?
3
What is the tens digit of 3121?
2
What is the tens digit of 78890?
9
What is the tens digit of 72?
7
What is the thousands digit of 5675?
5
What is the thousands digit of 69171?
9
What is the hundreds digit of 45526?
5
What is the hundreds digit of 2639?
6
What is the hundreds digit of 11024?
0
What is the tens digit of 115?
1
What is the units digit of 559?
9
What is the thousands digit of 16019?
6
What is the units digit of 11667?
7
What is the tens digit of 40208?
0
What is the tens digit of 34726?
2
What is the units digit of 2204?
4
What is the thousands digit of 3841?
3
What is the hundreds digit of 2093?
0
What is the tens digit of 507?
0
What is the ten thousands digit of 71323?
7
What is the units digit of 988?
8
What is the units digit of 3684?
4
What is the tens digit of 8982?
8
What is the units digit of 195?
5
What is the hundreds digit of 20603?
6
What is the hundred thousands digit of 128889?
1
What is the units digit of 472?
2
What is the thousands digit of 39978?
9
What is the hundreds digit of 1248?
2
What is the tens digit of 19357?
5
What is the thousands digit of 8566?
8
What is the hundreds digit of 25236?
2
What is the tens digit of 1884?
8
What is the ten thousands digit of 79001?
7
What is the thousands digit of 1959?
1
What is the tens digit of 1354?
5
What is the tens digit of 5821?
2
What is the tens digit of 34288?
8
What is the thousands digit of 4139?
4
What is the hundreds digit of 860?
8
What is the ten thousands digit of 29731?
2
What is the thousands digit of 6054?
6
What is the hundreds digit of 47226?
2
What is the tens digit of 366?
6
What is the ten thousands digit of 32709?
3
What is the hundreds digit of 342?
3
What is the thousands digit of 29327?
9
What is the tens digit of 37?
3
What is the tens digit of 902?
0
What is the units digit of 2173?
3
What is the tens digit of 82?
8
What is the hundreds digit of 38568?
5
What is the hundreds digit of 2578?
5
What is the tens digit of 3708?
0
What is the hundreds digit of 440?
4
What is the hundreds digit of 1014?
0
What is the thousands digit of 1690?
1
What is the tens digit of 14982?
8
What is the ten thousands digit of 28461?
2
What is the hundreds digit of 2683?
6
What is the thousands digit of 6247?
6
What is the hundreds digit of 303?
3
What is the tens digit of 2521?
2
What is the tens digit of 2882?
8
What is the tens digit of 6893?
9
What is the tens digit of 647?
4
What is the hundreds digit of 802?
8
What is the units digit of 943?
3
What is the ten thousands digit of 11717?
1
What is the units digit of 193?
3
What is the units digit of 1772?
2
What is the hundreds digit of 6058?
0
What is the thousands digit of 2048?
2
What is the hundreds digit of 1188?
1
What is the tens digit of 2799?
9
What is the units digit of 20?
0
What is the tens digit of 9